. Let n(z) = 3 + 0 - 1 + 9 - a - 3*z. Calculate n(1).
-4
Suppose 0 = 8*i - 9*i + 2. Suppose -2*l - 2*v = -28, -l + 2*v + 0 = -20. Suppose -i*m + l = 2*m. Let w(g) = -g**2 + 2*g + 1. Determine w(m).
-7
Let s(x) = 4*x + 83. Let o = -2964 + 2942. Give s(o).
-5
Suppose 2*v - v - 1 = -3*d, -v = -4*d - 15. Let k be (0/1)/(v - 5). Let i(s) be the first derivative of -s**2/2 + 7*s - 7. Determine i(k).
7
Let d = -86 - -99. Let z(f) = 2*f**3 - 10*f**2 - 36*f + 2. Let m(b) = b**3 - 5*b**2 - 17*b + 1. Let j(g) = d*m(g) - 6*z(g). Determine j(6).
7
Let r(m) = 2*m**2 + 3*m - 24. Suppose -259*i + 203*i + 504 = 0. Give r(i).
165
Let k = -33276 - -33283. Let b(l) = -l**3 + 9*l**2 - 21*l + 48. Calculate b(k).
-1
Let h(b) = b**2 + b - 1. Let a(m) = 7*m**2 + 8*m - 8. Let l(s) = a(s) - 5*h(s). Suppose -19*p + 960 = -3*p. Suppose -23*z - 7*z = -p. Calculate l(z).
11
Let a(j) = -j**2 + j - 1. Suppose -13*s + 4 = -11*s. Let y(m) = -9*m**2 + 5*m - 2. Let b(g) = s*a(g) - y(g). Give b(2).
22
Let i(s) = -s**2 - 2*s + 10. Let p be i(-4). Let t(q) = 7*q - 3. Let z(g) = -g. Let h(u) = p*t(u) + 18*z(u). Determine h(-3).
6
Let g be (-2*(-6)/16)/((-47)/(-3196)). Let d = -47 + g. Let i(l) = -l**3 + 5*l**2 - 4*l + 1. Calculate i(d).
1
Let h(d) = 5*d + 5. Let t(m) = -m**2 + 3*m + 32. Let a(r) = -h(r) - t(r). Give a(9).
-28
Let i(x) = 6*x**2 + 7*x + 4. Suppose -718*a - 479 = -211*a + 535. What is i(a)?
14
Let v(b) be the first derivative of -b**2/2 + 3*b - 75. Let z = -9 + 14. Suppose -z*q - 15 = 10. What is v(q)?
8
Let k(m) = -2*m**2 - 4 - m - 45 - 2*m + 70. Determine k(3).
-6
Let y(s) = s**3 + 8*s**2 + s + 5. Let u(h) = h**2 + 5*h + 2. Let w be u(4). Let x = w + -36. Let m be 12*(x/6 - (2 + -1)). Calculate y(m).
-3
Suppose -115*c - 9 + 249 - 10 = 0. Let l(o) = 3*o**3 + 3*o**2 - 4*o + 2. Calculate l(c).
30
Let c(x) = 1 - 9*x**2 + 0 + 1 - 3*x**3 + 2*x**3 - 8*x. Let y = -30 - -33. Let a be (0 + y)*32/(-12). Calculate c(a).
2
Let d(c) = -c**3 + 15*c**2 - 12*c - 19. Suppose 311*z - 2*t - 26 = 309*z, 0 = -3*z + t + 41. Determine d(z).
9
Let w = -12 - -13. Suppose -3*k - 3*y = -0*k - 54, 5*k - 100 = 5*y. Let l(h) = -k + 40 - 21 - 11*h. Give l(w).
-11
Let g = 3385 - 3382. Let u(w) be the first derivative of 5*w**2/2 + 4. Determine u(g).
15
Let h(q) = q - 5. Let i be (-1)/(-5) + 630/(-25). Suppose -40 = 3*k + 5*t, 5*k + 7*t - 11*t = -42. Let o be 10*(-3 + i/k). Determine h(o).
-10
Let r(s) = -4*s + 4. Suppose 17 = 7*f - 4. Suppose f*j + 17 - 10 = -d, -d = -2*j - 8. What is r(d)?
-4
Let l = -21 - -22. Let u(g) be the second derivative of -9*g**5/20 - g**4/6 + g**3/6 + 131*g. Calculate u(l).
-10
Let j = -1208 - -1244. Let y(k) = 2*k**2 - 72*k + 15. Determine y(j).
15
Let h(s) = -s**2 - 10*s - 11. Let w(l) be the third derivative of l**5/15 + 4*l**4/3 + 35*l**3/6 + 10*l**2 - 12*l. Let z(j) = -7*h(j) - 2*w(j). What is z(-2)?
-9
Let a be (6/4)/(4/((-160)/(-12))). Suppose 5*y - 22 = 4*p - 5*p, 0 = a*p + y - 14. Let c(o) = 2*o. Determine c(p).
4
Let w(a) = 20*a**3 + a**2 + a + 1. Let u(f) be the first derivative of -3/2*f**2 + 2*f - 25. Let z be u(1). Give w(z).
-19
Let b(x) = -3*x - 54. Suppose 562*p - 2235 = 168*p - 13267. Give b(p).
30
Let h(l) = -5*l - 18. Let k(m) = -4*m - 15. Let b(f) = -3*h(f) + 4*k(f). What is b(-5)?
-1
Let h(z) = -17*z**2 - 14*z + 13. Let g be (-1 - (-142)/8) + (-2)/(-8). Let a(m) = 48*m**2 + 41*m - 38. Let d(k) = g*h(k) + 6*a(k). Give d(6).
5
Let f(a) be the first derivative of -a**4/4 - 8*a**3/3 + 19*a**2/2 - 8*a + 891. Calculate f(-10).
2
Let h(v) = 10*v + 19. Suppose -118*s + 10 = 5*u - 113*s, 3*s - 11 = 2*u. Calculate h(u).
9
Let m(c) be the first derivative of 129 + 1/4*c**4 + 0*c**2 - 1/3*c**3 + 23*c. Calculate m(0).
23
Let h(w) = -142*w + 70*w + 79*w. Let u(t) = 15*t. Let p(y) = 13*h(y) - 6*u(y). Calculate p(-7).
-7
Let l(p) = -p**2 + 6*p - 3. Let h = -1 + 5. Let s = -177 + 195. Suppose v = d - 9, -4*d - h*v = -2*v - s. Calculate l(d).
-3
Let m(b) = -5*b**2 - 91*b + 69. Let o(r) = 3*r**2 + 49*r - 34. Let x(n) = -4*m(n) - 7*o(n). Determine x(19).
0
Suppose v - 4 = -4*a, -2*a = -2*v - 3 - 9. Let w(x) = 38*x - 13*x - x**a - 16*x - 3 - 15*x. Give w(-6).
-3
Let g be (-192)/(-2496)*(-146 - -3). Let r(i) = -11*i - 126. What is r(g)?
-5
Let x(k) be the first derivative of 2*k**2 - 56*k - 382. What is x(15)?
4
Suppose -23*k - 5*g = -18*k, 0 = 4*k - 3*g + 35. Let s(m) = m**3 + 9*m**2 + 18*m + 7. Give s(k).
17
Suppose -42*u + 4 = -38*u, -5*u = -5*w - 25. Let o(z) = -13*z - 50. Calculate o(w).
2
Let j(i) = 4*i**2 + 2*i + 8. Let g be j(-2). Suppose g = -20*l + 16*l. Let o(c) = 7*c - 9. Let v(t) = 13*t - 17. Let r(p) = -11*o(p) + 6*v(p). Calculate r(l).
-8
Suppose 8*k - 2*k = 2*k - 68. Let y(s) be the second derivative of s**3/6 + 7*s**2 + 18*s. What is y(k)?
-3
Suppose 5994*d = 6014*d - 100. Let g(s) = -2*s**2 - 3*s + 9. Calculate g(d).
-56
Suppose -27*w = -5*w - 286. Suppose -14 = 3*y + w. Let t(n) = -10*n + n**2 - 3 + 2*n**2 + 5*n**2 + n**3. Determine t(y).
6
Let t(k) be the third derivative of -1/60*k**5 - 1/6*k**3 + 101*k**2 + 0*k + 0*k**4 + 0. Suppose 3*h - 5 = 6*h - w, -5*h - 6 = -4*w. What is t(h)?
-5
Let r(x) = x**2 - 4*x - 5. Let n be (-2)/8 + 2 + (-4216)/32. Let z = n - -134. Give r(z).
-5
Let u(o) be the first derivative of -o**4/12 + 4*o**3/3 - 2*o**2 + 4*o + 56. Let h(p) be the second derivative of u(p). Calculate h(-6).
20
Let f(a) = -7*a + 45. Suppose 6 + 0 = s. Let i be f(s). Let j(m) = -m**2 + m + 4. Give j(i).
-2
Let a = -6 - -1. Let l = a - -10. Let r(f) = 6 + 27*f**2 + 3*f + 208*f**3 - 209*f**3 - 23*f**2. Determine r(l).
-4
Let t(z) = -z**3 - 8*z**2 + 8*z - 7. Let p be t(-9). Let m(k) = -k**p - 5 - 2*k + 0*k**2 + k + 8. Suppose h - 2*w + 3 = -4*w, -5*h = 5*w. What is m(h)?
-9
Suppose 20 = 4*v + 2*q, -5 = -4*v + 4*q + 39. Suppose 19 = 2*z - 5*r, -3*z + 6 = -5*r - 15. Let p(o) = 8 - 4*o + 26*o**z - 25*o**2 - 5*o. Give p(v).
-6
Let q(w) be the third derivative of 5*w**4/8 - 2*w**3 + 809*w**2. Determine q(3).
33
Suppose 0 = 2*u + 14 - 18. Let l(h) = 924*h + 0*h**2 - 923*h - 2*h**2 - u. Determine l(2).
-8
Let j be 10/6 + (-2)/3. Let p be ((-93)/21 - j) + (-6)/(-14). Let x = p + 2. Let u(a) = 3*a. Determine u(x).
-9
Let h(t) = -3*t - 11. Let b(n) = n**3 - 86*n**2 - 92*n + 444. Let k be b(87). What is h(k)?
-38
Let k = -366 + 366. Let n be 47 - 42 - (2 - (k - -3)). Let l(y) = -5*y**2 + 46*y + 21. Let h(d) = d**2 - 9*d - 4. Let x(j) = 11*h(j) + 2*l(j). Calculate x(n).
-8
Let q(i) = 40. Let t(p) = 3*p - 22. Let c(m) = -2*q(m) + t(m). Give c(32).
-6
Let w(v) be the third derivative of 1/3*v**3 + 0 - 1/24*v**4 + 253*v**2 + 0*v. Calculate w(10).
-8
Let y(g) = -20*g**3 + g**2 + 23*g - 5. Let c(d) = -7*d**3 + 8*d - 2. Suppose 24*s = 36*s + 72. Let k(i) = s*y(i) + 17*c(i). Determine k(6).
-16
Let i(k) = -k**3 + k + 1. Let d(w) = 2*w**2 - 18. Let o(s) = 2*s**2 + 20*s + 3. Let r be o(-10). Let h be d(r). What is i(h)?
1
Let v = 433 - 431. Let z be 3 - (-10)/5*(v - -1). Let j(w) = -w - 1. What is j(z)?
-10
Let s(m) be the first derivative of m**4/4 - m**3/3 - 7*m**2/2 - m - 1421. Give s(3).
-4
Let y(r) be the third derivative of -5*r**3 + 0*r - 17*r**2 + 0 - 1/8*r**4 - 1/120*r**5. Let x(t) be the first derivative of y(t). What is x(-3)?
0
Let s(i) be the first derivative of -85 + 6*i + 2*i**2 + 1/3*i**3. What is s(-4)?
6
Let o(w) be the first derivative of -w**4/4 - 7*w**3/3 - 5*w**2/2 + 11*w - 907. Give o(-6).
5
Let m = 6916 + -6913. Let g(t) be the second derivative of 1/6*t**3 - m*t + 0 + 0*t**2 + 1/12*t**4. Determine g(0).
0
Let v(m) be the third derivative of m**5/30 + 11*m**4/12 + 3*m**3/2 - m**2. Let p = 430760 - 430771. What is v(p)?
9
Let h(o) be the second derivative of -o**5/20 + 2*o**4/3 - 5*o**3/6 - 8*o**2 + 1635*o. What is h(7)?
-2
Let s(x) = x**3 - 40*x**2 + 22*x - 2. Let l(m) = -2*m**3 + 117*m**2 - 64*m + 5. Let o(i) = 3*l(i) + 8*s(i). Determine o(-16).
-1
Let k(i) = i**3 + 11*i**2 + 17*i + 6. Let d(h) = -h**3 - 15*h**2 + 115*h + 1719. Let n be d(-15). Determine k(n).
84
Let f(a) = 8*a + 40. Let d(v) = 7*v**2 + 25*v - 18. Let n be d(-4). Give f(n).
-8
Let w(v) = v**2 - 6*v + 5. Suppose 0 = 2*y + 10. Let s(j) = -9*j - j**2 - 9 + 4*j + 1 + 9 + 5. Let z be s(y). Calculate w(z).
5
Let s(r) = 8*r**2 - r. Suppose -2*d = 4*y + 10, -3*d + 0*d = y. Give s(d).
7